{"id":4022,"date":"2024-05-10T14:37:22","date_gmt":"2024-05-10T12:37:22","guid":{"rendered":"https:\/\/flordecamp.com\/?post_type=product&#038;p=4022"},"modified":"2025-08-21T11:30:20","modified_gmt":"2025-08-21T09:30:20","slug":"caja-albaricoque-2","status":"publish","type":"product","link":"https:\/\/flordecamp.com\/es\/producte\/caixa-albercocs\/","title":{"rendered":"Caja de albaricoques - 4 Kg"},"content":{"rendered":"","protected":false},"excerpt":{"rendered":"<p><strong>Albaricoque de la Ribera d'Ebre<\/strong><\/p>\n<p><strong>Color de la pulpa<\/strong> naranja brillante<\/p>\n<p><strong>Formato de la caja<\/strong>\u00a04 Kg<\/p>\n<p>&nbsp;<\/p>\n<p>Diversos estudios han demostrado que una de las propiedades del albaricoque tiene que ver con la salud visual. El consumo de esta fruta, especialmente en lo que respecta a su alto contenido en vitamina A, previene la aparici\u00f3n de enfermedades de la vista como la degeneraci\u00f3n de la retina, la ceguera nocturna, la degeneraci\u00f3n macular o la p\u00e9rdida de visi\u00f3n.<br \/>\nLos albaricoques son una buena fuente de potasio que contribuye al buen funcionamiento del sistema nervioso y de los m\u00fasculos.<br \/>\nContiene betacarotenos que se transforman en vitamina A en nuestro organismo y flavonoides que act\u00faan como antioxidantes.<\/p>\n<p><strong>Valor nutricional por 100 gramos<\/strong><\/p>\n<ul>\n<li><strong>Calor\u00edas<\/strong>: 45 Kcal<\/li>\n<li><strong>Prote\u00ednas<\/strong>: 0,8 g<\/li>\n<li><strong>Hidratos de carbono<\/strong>: 9,5 g<\/li>\n<li><strong>Fibra<\/strong>: 2,1 g<\/li>\n<li><strong>Agua<\/strong>: 87,6 g<\/li>\n<\/ul>","protected":false},"featured_media":4357,"template":"","meta":[],"product_brand":[],"product_cat":[45],"product_tag":[],"class_list":{"0":"post-4022","1":"product","2":"type-product","3":"status-publish","4":"has-post-thumbnail","6":"product_cat-temporada-destiu","8":"first","9":"outofstock","10":"taxable","11":"shipping-taxable","12":"product-type-simple"},"yoast_head":"<!-- This site is optimized with the Yoast SEO plugin v27.4 - https:\/\/yoast.com\/product\/yoast-seo-wordpress\/ -->\n<title>Caixa d&#039;Albercocs - 4 kg - Flor de Camp<\/title>\n<meta name=\"description\" content=\"Caixa d&#039;Albercocs, temporada d&#039;estiu: Diversos estudis han demostrat que una de les propietats de l&#039;albercoc t\u00e9 a veure amb la salut visual...\" \/>\n<meta name=\"robots\" content=\"index, follow, max-snippet:-1, max-image-preview:large, max-video-preview:-1\" \/>\n<link rel=\"canonical\" href=\"https:\/\/flordecamp.com\/es\/producto-2\/caja-albaricoque-2\/\" \/>\n<meta property=\"og:locale\" content=\"es_ES\" \/>\n<meta property=\"og:type\" content=\"article\" \/>\n<meta property=\"og:title\" content=\"Caixa d&#039;Albercocs - 4 kg - Flor de Camp\" \/>\n<meta property=\"og:description\" content=\"Caixa d&#039;Albercocs, temporada d&#039;estiu: Diversos estudis han demostrat que una de les propietats de l&#039;albercoc t\u00e9 a veure amb la salut visual...\" \/>\n<meta property=\"og:url\" content=\"https:\/\/flordecamp.com\/es\/producto-2\/caja-albaricoque-2\/\" \/>\n<meta property=\"og:site_name\" content=\"Flor de Camp\" \/>\n<meta property=\"article:modified_time\" content=\"2025-08-21T09:30:20+00:00\" \/>\n<meta property=\"og:image\" content=\"https:\/\/flordecamp.com\/wp-content\/uploads\/2024\/05\/DSC_0407-albercocs-e1752508888251.png\" \/>\n\t<meta property=\"og:image:width\" content=\"860\" \/>\n\t<meta property=\"og:image:height\" content=\"710\" \/>\n\t<meta property=\"og:image:type\" content=\"image\/png\" \/>\n<meta name=\"twitter:card\" content=\"summary_large_image\" \/>\n<meta name=\"twitter:label1\" content=\"Tiempo de lectura\" \/>\n\t<meta name=\"twitter:data1\" content=\"1 minuto\" \/>\n<script type=\"application\/ld+json\" class=\"yoast-schema-graph\">{\"@context\":\"https:\\\/\\\/schema.org\",\"@graph\":[{\"@type\":\"WebPage\",\"@id\":\"https:\\\/\\\/flordecamp.com\\\/producte\\\/caixa-albercocs\\\/\",\"url\":\"https:\\\/\\\/flordecamp.com\\\/producte\\\/caixa-albercocs\\\/\",\"name\":\"Caixa d'Albercocs - 4 kg - Flor de Camp\",\"isPartOf\":{\"@id\":\"https:\\\/\\\/flordecamp.com\\\/#website\"},\"primaryImageOfPage\":{\"@id\":\"https:\\\/\\\/flordecamp.com\\\/producte\\\/caixa-albercocs\\\/#primaryimage\"},\"image\":{\"@id\":\"https:\\\/\\\/flordecamp.com\\\/producte\\\/caixa-albercocs\\\/#primaryimage\"},\"thumbnailUrl\":\"https:\\\/\\\/flordecamp.com\\\/wp-content\\\/uploads\\\/2024\\\/05\\\/DSC_0407-albercocs-e1752508888251.png\",\"datePublished\":\"2024-05-10T12:37:22+00:00\",\"dateModified\":\"2025-08-21T09:30:20+00:00\",\"description\":\"Caixa d'Albercocs, temporada d'estiu: Diversos estudis han demostrat que una de les propietats de l'albercoc t\u00e9 a veure amb la salut visual...\",\"breadcrumb\":{\"@id\":\"https:\\\/\\\/flordecamp.com\\\/producte\\\/caixa-albercocs\\\/#breadcrumb\"},\"inLanguage\":\"es\",\"potentialAction\":[{\"@type\":\"ReadAction\",\"target\":[\"https:\\\/\\\/flordecamp.com\\\/producte\\\/caixa-albercocs\\\/\"]}]},{\"@type\":\"ImageObject\",\"inLanguage\":\"es\",\"@id\":\"https:\\\/\\\/flordecamp.com\\\/producte\\\/caixa-albercocs\\\/#primaryimage\",\"url\":\"https:\\\/\\\/flordecamp.com\\\/wp-content\\\/uploads\\\/2024\\\/05\\\/DSC_0407-albercocs-e1752508888251.png\",\"contentUrl\":\"https:\\\/\\\/flordecamp.com\\\/wp-content\\\/uploads\\\/2024\\\/05\\\/DSC_0407-albercocs-e1752508888251.png\",\"width\":860,\"height\":710,\"caption\":\"Fotografia d'una caixa d'albercocs amb l'etiqueta de Flor de Camp, Ribera d'Ebre.\"},{\"@type\":\"BreadcrumbList\",\"@id\":\"https:\\\/\\\/flordecamp.com\\\/producte\\\/caixa-albercocs\\\/#breadcrumb\",\"itemListElement\":[{\"@type\":\"ListItem\",\"position\":1,\"name\":\"Inici\",\"item\":\"https:\\\/\\\/flordecamp.com\\\/\"},{\"@type\":\"ListItem\",\"position\":2,\"name\":\"Botiga\",\"item\":\"https:\\\/\\\/flordecamp.com\\\/botiga\\\/\"},{\"@type\":\"ListItem\",\"position\":3,\"name\":\"Caixa d&#8217;Albercocs &#8211; 4 kg\"}]},{\"@type\":\"WebSite\",\"@id\":\"https:\\\/\\\/flordecamp.com\\\/#website\",\"url\":\"https:\\\/\\\/flordecamp.com\\\/\",\"name\":\"Flor de Camp\",\"description\":\"Agricultura sostenible a la Ribera d&#039;Ebre\",\"potentialAction\":[{\"@type\":\"SearchAction\",\"target\":{\"@type\":\"EntryPoint\",\"urlTemplate\":\"https:\\\/\\\/flordecamp.com\\\/?s={search_term_string}\"},\"query-input\":{\"@type\":\"PropertyValueSpecification\",\"valueRequired\":true,\"valueName\":\"search_term_string\"}}],\"inLanguage\":\"es\"}]}<\/script>\n<!-- \/ Yoast SEO plugin. -->","yoast_head_json":{"title":"Caixa d'Albercocs - 4 kg - Flor de Camp","description":"Caixa d'Albercocs, temporada d'estiu: Diversos estudis han demostrat que una de les propietats de l'albercoc t\u00e9 a veure amb la salut visual...","robots":{"index":"index","follow":"follow","max-snippet":"max-snippet:-1","max-image-preview":"max-image-preview:large","max-video-preview":"max-video-preview:-1"},"canonical":"https:\/\/flordecamp.com\/es\/producto-2\/caja-albaricoque-2\/","og_locale":"es_ES","og_type":"article","og_title":"Caixa d'Albercocs - 4 kg - Flor de Camp","og_description":"Caixa d'Albercocs, temporada d'estiu: Diversos estudis han demostrat que una de les propietats de l'albercoc t\u00e9 a veure amb la salut visual...","og_url":"https:\/\/flordecamp.com\/es\/producto-2\/caja-albaricoque-2\/","og_site_name":"Flor de Camp","article_modified_time":"2025-08-21T09:30:20+00:00","og_image":[{"width":860,"height":710,"url":"https:\/\/flordecamp.com\/wp-content\/uploads\/2024\/05\/DSC_0407-albercocs-e1752508888251.png","type":"image\/png"}],"twitter_card":"summary_large_image","twitter_misc":{"Tiempo de lectura":"1 minuto"},"schema":{"@context":"https:\/\/schema.org","@graph":[{"@type":"WebPage","@id":"https:\/\/flordecamp.com\/producte\/caixa-albercocs\/","url":"https:\/\/flordecamp.com\/producte\/caixa-albercocs\/","name":"Caixa d'Albercocs - 4 kg - Flor de Camp","isPartOf":{"@id":"https:\/\/flordecamp.com\/#website"},"primaryImageOfPage":{"@id":"https:\/\/flordecamp.com\/producte\/caixa-albercocs\/#primaryimage"},"image":{"@id":"https:\/\/flordecamp.com\/producte\/caixa-albercocs\/#primaryimage"},"thumbnailUrl":"https:\/\/flordecamp.com\/wp-content\/uploads\/2024\/05\/DSC_0407-albercocs-e1752508888251.png","datePublished":"2024-05-10T12:37:22+00:00","dateModified":"2025-08-21T09:30:20+00:00","description":"Caixa d'Albercocs, temporada d'estiu: Diversos estudis han demostrat que una de les propietats de l'albercoc t\u00e9 a veure amb la salut visual...","breadcrumb":{"@id":"https:\/\/flordecamp.com\/producte\/caixa-albercocs\/#breadcrumb"},"inLanguage":"es","potentialAction":[{"@type":"ReadAction","target":["https:\/\/flordecamp.com\/producte\/caixa-albercocs\/"]}]},{"@type":"ImageObject","inLanguage":"es","@id":"https:\/\/flordecamp.com\/producte\/caixa-albercocs\/#primaryimage","url":"https:\/\/flordecamp.com\/wp-content\/uploads\/2024\/05\/DSC_0407-albercocs-e1752508888251.png","contentUrl":"https:\/\/flordecamp.com\/wp-content\/uploads\/2024\/05\/DSC_0407-albercocs-e1752508888251.png","width":860,"height":710,"caption":"Fotografia d'una caixa d'albercocs amb l'etiqueta de Flor de Camp, Ribera d'Ebre."},{"@type":"BreadcrumbList","@id":"https:\/\/flordecamp.com\/producte\/caixa-albercocs\/#breadcrumb","itemListElement":[{"@type":"ListItem","position":1,"name":"Inici","item":"https:\/\/flordecamp.com\/"},{"@type":"ListItem","position":2,"name":"Botiga","item":"https:\/\/flordecamp.com\/botiga\/"},{"@type":"ListItem","position":3,"name":"Caixa d&#8217;Albercocs &#8211; 4 kg"}]},{"@type":"WebSite","@id":"https:\/\/flordecamp.com\/#website","url":"https:\/\/flordecamp.com\/","name":"Flor de Camp","description":"Agricultura sostenible a la Ribera d&#039;Ebre","potentialAction":[{"@type":"SearchAction","target":{"@type":"EntryPoint","urlTemplate":"https:\/\/flordecamp.com\/?s={search_term_string}"},"query-input":{"@type":"PropertyValueSpecification","valueRequired":true,"valueName":"search_term_string"}}],"inLanguage":"es"}]}},"_links":{"self":[{"href":"https:\/\/flordecamp.com\/es\/wp-json\/wp\/v2\/product\/4022","targetHints":{"allow":["GET"]}}],"collection":[{"href":"https:\/\/flordecamp.com\/es\/wp-json\/wp\/v2\/product"}],"about":[{"href":"https:\/\/flordecamp.com\/es\/wp-json\/wp\/v2\/types\/product"}],"wp:featuredmedia":[{"embeddable":true,"href":"https:\/\/flordecamp.com\/es\/wp-json\/wp\/v2\/media\/4357"}],"wp:attachment":[{"href":"https:\/\/flordecamp.com\/es\/wp-json\/wp\/v2\/media?parent=4022"}],"wp:term":[{"taxonomy":"product_brand","embeddable":true,"href":"https:\/\/flordecamp.com\/es\/wp-json\/wp\/v2\/product_brand?post=4022"},{"taxonomy":"product_cat","embeddable":true,"href":"https:\/\/flordecamp.com\/es\/wp-json\/wp\/v2\/product_cat?post=4022"},{"taxonomy":"product_tag","embeddable":true,"href":"https:\/\/flordecamp.com\/es\/wp-json\/wp\/v2\/product_tag?post=4022"}],"curies":[{"name":"wp","href":"https:\/\/api.w.org\/{rel}","templated":true}]}}

<p><strong>Albaricoque de la Ribera d'Ebre</strong></p>
<p><strong>Color de la pulpa</strong> naranja brillante</p>
<p><strong>Formato de la caja</strong> 4 Kg</p>
<p>&nbsp;</p>
<p>Diversos estudios han demostrado que una de las propiedades del albaricoque tiene que ver con la salud visual. El consumo de esta fruta, especialmente en lo que respecta a su alto contenido en vitamina A, previene la aparición de enfermedades de la vista como la degeneración de la retina, la ceguera nocturna, la degeneración macular o la pérdida de visión.<br />
Los albaricoques son una buena fuente de potasio que contribuye al buen funcionamiento del sistema nervioso y de los músculos.<br />
Contiene betacarotenos que se transforman en vitamina A en nuestro organismo y flavonoides que actúan como antioxidantes.</p>
<p><strong>Valor nutricional por 100 gramos</strong></p>
<ul>
<li><strong>Calorías</strong>: 45 Kcal</li>
<li><strong>Proteínas</strong>: 0,8 g</li>
<li><strong>Hidratos de carbono</strong>: 9,5 g</li>
<li><strong>Fibra</strong>: 2,1 g</li>
<li><strong>Agua</strong>: 87,6 g</li>
</ul>

<!-- This site is optimized with the Yoast SEO plugin v27.4 - https://yoast.com/product/yoast-seo-wordpress/ -->
<title>Caixa d&#039;Albercocs - 4 kg - Flor de Camp</title>
<meta name="description" content="Caixa d&#039;Albercocs, temporada d&#039;estiu: Diversos estudis han demostrat que una de les propietats de l&#039;albercoc té a veure amb la salut visual..." />
<meta name="robots" content="index, follow, max-snippet:-1, max-image-preview:large, max-video-preview:-1" />
<link rel="canonical" href="https://flordecamp.com/es/producto-2/caja-albaricoque-2/" />
<meta property="og:locale" content="es_ES" />
<meta property="og:type" content="article" />
<meta property="og:title" content="Caixa d&#039;Albercocs - 4 kg - Flor de Camp" />
<meta property="og:description" content="Caixa d&#039;Albercocs, temporada d&#039;estiu: Diversos estudis han demostrat que una de les propietats de l&#039;albercoc té a veure amb la salut visual..." />
<meta property="og:url" content="https://flordecamp.com/es/producto-2/caja-albaricoque-2/" />
<meta property="og:site_name" content="Flor de Camp" />
<meta property="article:modified_time" content="2025-08-21T09:30:20+00:00" />
<meta property="og:image" content="https://flordecamp.com/wp-content/uploads/2024/05/DSC_0407-albercocs-e1752508888251.png" />
	<meta property="og:image:width" content="860" />
	<meta property="og:image:height" content="710" />
	<meta property="og:image:type" content="image/png" />
<meta name="twitter:card" content="summary_large_image" />
<meta name="twitter:label1" content="Tiempo de lectura" />
	<meta name="twitter:data1" content="1 minuto" />
<script type="application/ld+json" class="yoast-schema-graph">{"@context":"https:\/\/schema.org","@graph":[{"@type":"WebPage","@id":"https:\/\/flordecamp.com\/producte\/caixa-albercocs\/","url":"https:\/\/flordecamp.com\/producte\/caixa-albercocs\/","name":"Caixa d'Albercocs - 4 kg - Flor de Camp","isPartOf":{"@id":"https:\/\/flordecamp.com\/#website"},"primaryImageOfPage":{"@id":"https:\/\/flordecamp.com\/producte\/caixa-albercocs\/#primaryimage"},"image":{"@id":"https:\/\/flordecamp.com\/producte\/caixa-albercocs\/#primaryimage"},"thumbnailUrl":"https:\/\/flordecamp.com\/wp-content\/uploads\/2024\/05\/DSC_0407-albercocs-e1752508888251.png","datePublished":"2024-05-10T12:37:22+00:00","dateModified":"2025-08-21T09:30:20+00:00","description":"Caixa d'Albercocs, temporada d'estiu: Diversos estudis han demostrat que una de les propietats de l'albercoc té a veure amb la salut visual...","breadcrumb":{"@id":"https:\/\/flordecamp.com\/producte\/caixa-albercocs\/#breadcrumb"},"inLanguage":"es","potentialAction":[{"@type":"ReadAction","target":["https:\/\/flordecamp.com\/producte\/caixa-albercocs\/"]}]},{"@type":"ImageObject","inLanguage":"es","@id":"https:\/\/flordecamp.com\/producte\/caixa-albercocs\/#primaryimage","url":"https:\/\/flordecamp.com\/wp-content\/uploads\/2024\/05\/DSC_0407-albercocs-e1752508888251.png","contentUrl":"https:\/\/flordecamp.com\/wp-content\/uploads\/2024\/05\/DSC_0407-albercocs-e1752508888251.png","width":860,"height":710,"caption":"Fotografia d'una caixa d'albercocs amb l'etiqueta de Flor de Camp, Ribera d'Ebre."},{"@type":"BreadcrumbList","@id":"https:\/\/flordecamp.com\/producte\/caixa-albercocs\/#breadcrumb","itemListElement":[{"@type":"ListItem","position":1,"name":"Inici","item":"https:\/\/flordecamp.com\/"},{"@type":"ListItem","position":2,"name":"Botiga","item":"https:\/\/flordecamp.com\/botiga\/"},{"@type":"ListItem","position":3,"name":"Caixa d&#8217;Albercocs &#8211; 4 kg"}]},{"@type":"WebSite","@id":"https:\/\/flordecamp.com\/#website","url":"https:\/\/flordecamp.com\/","name":"Flor de Camp","description":"Agricultura sostenible a la Ribera d&#039;Ebre","potentialAction":[{"@type":"SearchAction","target":{"@type":"EntryPoint","urlTemplate":"https:\/\/flordecamp.com\/?s={search_term_string}"},"query-input":{"@type":"PropertyValueSpecification","valueRequired":true,"valueName":"search_term_string"}}],"inLanguage":"es"}]}</script>
<!-- / Yoast SEO plugin. -->

Caixa d'Albercocs, temporada d'estiu: Diversos estudis han demostrat que una de les propietats de l'albercoc té a veure amb la salut visual...
